59551 a prime number?
True
Is 128951231 prime?
True
Is 491375453 composite?
False
Is 508290253 a composite number?
False
Is 24930832709 composite?
False
Is 58924911931 a composite number?
False
Is 1471077217 a prime number?
False
Is 1105456073 a prime number?
True
Is 1771951427 prime?
False
Is 196743409 a composite number?
False
Is 36592263583 composite?
True
Is 11333417917 composite?
False
Is 1128944563 a composite number?
False
Is 10458241439 composite?
False
Is 8081743291 a prime number?
True
Is 42325397 prime?
True
Is 3549642703 prime?
True
Is 30576912679 prime?
False
Is 36890862014 a prime number?
False
Is 261842576011 a prime number?
True
Is 6800590451 a composite number?
True
Is 5649090169 prime?
False
Is 1627322159 a composite number?
True
Is 26100652867 a composite number?
True
Is 178627860133 composite?
False
Is 1351851497 a composite number?
True
Is 24352324313 a composite number?
False
Is 2005151641 composite?
True
Is 339706709 a composite number?
True
Is 51059474237 composite?
False
Is 8395070639 a composite number?
False
Is 30235657 composite?
True
Is 1378560301 prime?
True
Is 557307085 a composite number?
True
Is 33845211551 a composite number?
True
Is 525680357 composite?
False
Is 158777269 composite?
True
Is 59564178833 a prime number?
True
Is 1949644537 composite?
False
Is 49768438658 a composite number?
True
Is 1118430209 prime?
False
Is 1621512559 prime?
False
Is 55290182399 a composite number?
True
Is 8682028217 a prime number?
False
Is 6651557111 prime?
False
Is 1278918229 a composite number?
False
Is 152438395763 a composite number?
True
Is 189828811 a prime number?
False
Is 4286765003 composite?
False
Is 60010439 a prime number?
True
Is 73274795641 prime?
False
Is 33311743162 prime?
False
Is 1119466841 a composite number?
False
Is 102148481957 a composite number?
False
Is 81070063457 a composite number?
True
Is 5239555291 a prime number?
True
Is 244619857 a composite number?
True
Is 44634376487 prime?
True
Is 165979447 a composite number?
True
Is 3793711351 a composite number?
True
Is 2366252377 prime?
True
Is 284515943 a composite number?
True
Is 3896442601 prime?
True
Is 193171403 a composite number?
True
Is 37879069511 composite?
False
Is 2109753353 composite?
False
Is 78698363477 prime?
True
Is 367361453 prime?
True
Is 1671419119 a composite number?
True
Is 398663987 a prime number?
False
Is 754166471 prime?
False
Is 4199847271 a composite number?
False
Is 6162221263 composite?
True
Is 1097069087 a prime number?
True
Is 128094851501 a prime number?
True
Is 439704997 a prime number?
True
Is 87584183 a prime number?
False
Is 10177017689 a prime number?
True
Is 16910199547 prime?
False
Is 525762941 a prime number?
False
Is 27483447737 prime?
True
Is 2244443849 prime?
True
Is 4384590149 prime?
True
Is 115087361 composite?
False
Is 3422181947 composite?
False
Is 2120131147 composite?
False
Is 25728889427 a prime number?
True
Is 162671393 a composite number?
False
Is 5318522477 a prime number?
False
Is 90311809449 a prime number?
False
Is 11725072031 composite?
False
Is 2526010969 a composite number?
False
Is 2104665817 a prime number?
False
Is 4407716899 a composite number?
True
Is 1908830809 a composite number?
True
Is 2688084407 prime?
False
Is 1347159119 prime?
True
Is 2234523271 a prime number?
True
Is 102137746561 a prime number?
True
Is 48569431237 prime?
True
Is 6896136151 composite?
False
Is 109651650697 a composite number?
False
Is 106730929 composite?
False
Is 6840380087 composite?
True
Is 13311353219 composite?
False
Is 45087589553 prime?
True
Is 457850389 composite?
False
Is 610326961 prime?
True
Is 11947517 a prime number?
True
Is 5983316371 composite?
True
Is 1136422621 composite?
True
Is 4428386903 composite?
True
Is 1637807347 a composite number?
True
Is 3697632451 a prime number?
True
Is 8404233181 composite?
False
Is 26629580903 composite?
True
Is 420448513 prime?
True
Is 2209843841 composite?
True
Is 70336678459 composite?
False
Is 205843607 composite?
False
Is 1120705499 a prime number?
False
Is 3247633261 a prime number?
True
Is 42522075353 a prime number?
True
Is 3161504509 composite?
False
Is 3134086877 composite?
True
Is 1651964213 a composite number?
True
Is 813289273 a composite number?
False
Is 903885953 a composite number?
False
Is 1279233129 a composite number?
True
Is 5879129747 composite?
False
Is 32883306215 prime?
False
Is 376564723 composite?
True
Is 376443911 a composite number?
False
Is 117430187 a prime number?
False
Is 308172439 a prime number?
False
Is 183498197 a composite number?
False
Is 884427449 a prime number?
True
Is 3479307541 composite?
True
Is 801444737 prime?
True
Is 284759509 composite?
False
Is 246362651 a prime number?
False
Is 3262086521 composite?
False
Is 980401141 a composite number?
False
Is 3382107077 a composite number?
True
Is 12154477691 a composite number?
False
Is 2954675551 prime?
True
Is 3292387733 a prime number?
False
Is 4687157407 a composite number?
False
Is 981890633 prime?
False
Is 16514772857 composite?
True
Is 3491300123 a prime number?
True
Is 104348737511 a composite number?
False
Is 32269031161 a prime number?
True
Is 23812316209 composite?
True
Is 525107003 a composite number?
False
Is 538515727 a prime number?
False
Is 4882268609 prime?
True
Is 1035175123 a composite number?
False
Is 3580607518 composite?
True
Is 29851761787 prime?
False
Is 105621767 a prime number?
True
Is 957471629 prime?
True
Is 4895682503 composite?
True
Is 89724989383 a prime number?
True
Is 371626051 prime?
True
Is 1372671791 composite?
False
Is 14338153 composite?
False
Is 3001510229 prime?
False
Is 1849174423 a composite number?
True
Is 461200343 a composite number?
False
Is 226334261 a prime number?
True
Is 121299403 a composite number?
True
Is 28389794077 prime?
False
Is 497236601 a prime number?
False
Is 97897219 a composite number?
True
Is 43585139 composite?
True
Is 204354713 prime?
True
Is 289293377 a prime number?
True
Is 6336551201 a prime number?
True
Is 8430181217 prime?
True
Is 8205001809 a composite number?
True
Is 68366193839 a composite number?
False
Is 5522473757 composite?
False
Is 11828307793 prime?
False
Is 12736236289 a composite number?
True
Is 576285778 a composite number?
True
Is 1554540049 prime?
False
Is 7390293683 composite?
False
Is 427431409 a prime number?
True
Is 48590461 a composite number?
True
Is 3735100267 a composite number?
True
Is 24920209291 a prime number?
True
Is 203519243 prime?
False
Is 1606286921 composite?
False
Is 18319066297 a prime number?
False
Is 90910093283 prime?
True
Is 2561291 prime?
True
Is 553185862 a composite number?
True
Is 5916472021 composite?
False
Is 1471156849 a composite number?
True
Is 2895361081 composite?
False
Is 858780289 a prime number?
True
Is 1022737769 prime?
True
Is 459868991 prime?
True
Is 3341536279 a prime number?
True
Is 37398400417 prime?
False
Is 6903623873 prime?
False
Is 2261245729 a composite number?
True
Is 27441917 a composite number?
True
Is 444189631 a composite number?
True
Is 63758840693 a composite number?
False
Is 5028722683 composite?
False
Is 1172167181 composite?
True
Is 30555784079 a prime number?
True
Is 1335077797 a composite number?
True
Is 5274719 a prime number?
False
Is 1005810867515 a composite number?
True
Is 34026901543 prime?
False
Is 1560097346 a composite number?
True
Is 21055777 prime?
False
Is 204323762 a prime number?
False
Is 30415880342 prime?
False
Is 8511654323 a composite number?
False
Is 581840749303 a prime number?
False
Is 18197702351 composite?
False
Is 1735398659 composite?
False
Is 1313559211 a composite number?
False
Is 992538215 prime?
False
Is 31779681041 prime?
True
Is 21538268623 prime?
False
Is 3449052847 composite?
True
Is 2248637851 a composite number?
False
Is 97605918038 prime?
False
Is 77977324133 a composite number?
True
Is 219009043 a composite number?
True
Is 7390657019 prime?
False
Is 40338261017 prime?
False
Is 12027853 prime?
True
Is 11726491 a composite number?
True
Is 6360942758 a composite number?
True
Is 153061298879 prime?
True
Is 1493929253 a prime number?
False
Is 14415939007 a prime number?
True
Is 18807527873 prime?
False
Is 36571929157 prime?
True
Is 2048444887 prime?
True
Is 58189605139 prime?
True
Is 25914780461 a pri